n x is divided by 20.
18
Let h(r) = r**3 + 10*r**2 + 17*r + 9. Calculate the remainder when 89 is divided by h(-7).
15
Let r = 442 + -432. What is the remainder when 186 is divided by r?
6
Suppose 0 = -d - 2, 26 = -2*r - 0*r - 5*d. Let s = r + 24. Suppose 41 = a - 4. What is the remainder when a is divided by s?
13
Suppose 848*j - 20 = 838*j. Suppose 0 = 2*x + 10, -q = -3*x + 8*x + 20. What is the remainder when q is divided by j?
1
Suppose 0 = a, -s - 4*s + 595 = 2*a. Calculate the remainder when s is divided by 30.
29
Let p be (-8)/(-6)*9/6. Suppose p*q + 2*q = 28. Calculate the remainder when 46 is divided by q.
4
Let l(m) = m**2 + 3*m - 1. Calculate the remainder when l(3) is divided by 2*((-15)/(-6) + 0).
2
Let b be (42/(-9))/(-7) + 16/(-6). Let p(m) = 18*m**2 + 2. Calculate the remainder when p(b) is divided by 7.
4
Let t = 7 - 2. Suppose 0 = 2*c - v + 2*v - 1, -17 = -c + t*v. Suppose c - 4 = -i - 4*g, -2*i - 3*g + 4 = 0. Calculate the remainder when 5 is divided by i.
1
Let f = -94 - -145. Calculate the remainder when 200 is divided by f.
47
What is the remainder when -9*5/(-180)*12 is divided by 2/(-8) + (-10)/(-8)?
0
Let k = 237 - 119. Let b = 200 - k. Suppose 3*t - 20 = b. What is the remainder when t is divided by 9?
7
Let z(h) = 274*h**3 + 10*h**2 - 24*h + 10. What is the remainder when z(2) is divided by 13?
10
Let c = -82 - -117. Let d = 9 - 4. Let s = 24 - d. What is the remainder when c is divided by s?
16
Suppose 3516 + 531 = 19*d. Calculate the remainder when d is divided by 6.
3
Let p(b) = -b**2 - 3*b + 157. Calculate the remainder when 93 is divided by p(-13).
12
Let a be -5 - -3 - 18/6. Let j = 10 + a. Suppose 108 + 137 = j*s. Calculate the remainder when s is divided by 17.
15
Let p be 70/28*36/5. Suppose 146 = 8*h + p. Calculate the remainder when 56 is divided by h.
8
Suppose -2*c = 5*n - 56, 0 = -2*c - 4. Suppose n*i + 328 - 1468 = 0. Calculate the remainder when i is divided by 32.
31
Let q be (-15)/3 + (2 - 2). Let p = -4 - q. What is the remainder when 2 is divided by p?
0
Suppose -5*f + 141 = -344. Suppose f = 7*l - 50. What is the remainder when 36 is divided by l?
15
Let p(t) = -t**2 + 5*t + 11. Let r = 48 - 42. What is the remainder when 12 is divided by p(r)?
2
Let m(s) = -s**3 + 10*s**2 - s + 25. What is the remainder when 99 is divided by m(10)?
9
Let f = -36 + 48. Suppose -f*a + 7*a = -345. What is the remainder when a is divided by 35?
34
Let w(f) = -f**2 + 6*f + 3. Suppose -3*a + 15 = -2*q, -3*a + 15 = q - 2*q. What is the remainder when w(a) is divided by 5?
3
Let z = 1067 - 1061. Calculate the remainder when 15 is divided by z.
3
Suppose 1046*s + 549 = 1055*s. What is the remainder when 186 is divided by s?
3
Suppose -3*q + 8*q + 5*l - 340 = 0, 0 = -2*q + 4*l + 148. Calculate the remainder when 125 is divided by q.
55
Let y = -510 - -596. Calculate the remainder when y is divided by 17.
1
Let d(x) = -4*x**2 + x**3 + 1 - 1 + 1 + 1 - 8*x. Calculate the remainder when 75 is divided by d(6).
23
Let f(k) = -2*k**2 + 19*k - 15. Let n = 68 + -61. Calculate the remainder when 37 is divided by f(n).
17
Suppose -5*y + 34 = -3*h, -3*h + 38 = 4*y - 0*y. Suppose 54 = m + 5*w, 0 = 3*m - 2*w - 0*w - 77. Calculate the remainder when m is divided by y.
5
Let j(q) = -57*q - 7. Suppose 3*f - 8*f - 5 = 0. Let h(w) = 3*w**3 - 4*w**2 + 4*w - 3. Calculate the remainder when j(f) is divided by h(2).
11
Suppose 22*b = -6*b + 2912. What is the remainder when b is divided by 57?
47
Suppose 4*w - 264 = -0*w. Suppose 0*f = -2*f + w. Let t = 748 + -731. Calculate the remainder when f is divided by t.
16
Let o = 333 - 327. What is the remainder when 83 is divided by o?
5
Let m = 282 - 273. Calculate the remainder when 159 is divided by m.
6
Suppose -2 = o - 5. Let l(z) = 3*z**2 + z - 4. What is the remainder when l(o) is divided by 9?
8
Let z = 36 + 9. Suppose -4*l = l - z. Calculate the remainder when 15 is divided by l.
6
Let o(t) = 4*t + 27. Let x be o(-5). Suppose -x*g = -57 - 20. Calculate the remainder when g is divided by 3.
2
Let s be (8/(-12))/(-2)*15. Suppose 5*g + s*f - 36 = 4, -70 = -5*g + f. What is the remainder when 38 is divided by g?
12
Let f(t) = -36*t - 2. Calculate the remainder when 338 is divided by f(-1).
32
Suppose -5*v + 2*h + 260 = 0, -3*h + 393 = 5*v + 133. What is the remainder when v is divided by 27?
25
Let c(m) = -2*m + 1 + 2*m**2 - m - 2. Suppose 0 = 60*p - 1643 - 157. Calculate the remainder when p is divided by c(3).
6
Let z = 81 + -150. Let j = z - -107. Suppose a - 35 = -5*u, 3*u + 6 = 21. What is the remainder when j is divided by a?
8
Suppose 131 = -8*z + 259. What is the remainder when 109 is divided by z?
13
Let t = 0 + 3. Let k(f) = -2*f + 5. Let y be k(4). What is the remainder when (-3 + (1 - y))*6 is divided by t?
0
Let h(q) = q - 1. Let l be 2 - (-10 + 0)*1. Calculate the remainder when h(17) is divided by (l/10)/((-3)/(-15)).
4
Suppose -35*d + 105 = -420. Suppose -3*z - z + 70 = 2*i, i = -3*z + 39. Calculate the remainder when i is divided by d.
12
Suppose 24 = 4*d - 2*m, -4*d + 0*m + 3*m = -20. Let f = 13 - d. Suppose f*i = 3*l + 23, 4*i + l = -0*l + 15. Calculate the remainder when 7 is divided by i.
3
Suppose 12 = 3*y + 4*p, y - 4 = p - 0*p. Calculate the remainder when 31 is divided by (y/(-2))/8 - 99/(-12).
7
Let k be 0 + (2 - 5) - (-2 - 101). Let d = 122 - k. Suppose -2*r - s = -24, -5*s = -2*r - 10*s + 24. What is the remainder when d is divided by r?
10
Let z(x) = 3*x**2 - 11*x - 71. Calculate the remainder when 2846 is divided by z(9).
72
Let x = 101 - 88. Calculate the remainder when x is divided by 10.
3
Let v(o) = o**3 + o + 117. Calculate the remainder when v(0) is divided by 3.
0
Suppose 43*v - 1399 - 3202 = 0. What is the remainder when v is divided by 38?
31
Let m be ((-6)/(-4))/((-7)/126). Let r = -2 - m. What is the remainder when 45 is divided by r?
20
What is the remainder when (402/(-12))/(1/(-6)) is divided by (2 - 1)/((-5)/(-145))?
27
Suppose 0*f = 3*f + 180. Let x be ((-4)/3)/(f/225). Suppose x*b + 0*b - 20 = 0, 2*d - b = 12. What is the remainder when 31 is divided by d?
7
Suppose 0 = 2*i + 4, 0 = 4*b - b + 4*i - 223. Calculate the remainder when 307 is divided by b.
76
Suppose 3*i - 12 = -n + 4, -5*n - 4*i + 36 = 0. Suppose n*x = 2*v - x - 56, -4*x = 2*v - 38. What is the remainder when 42 is divided by v?
19
Let y = -15 + 141. Let p = y - 93. What is the remainder when 96 is divided by p?
30
Let i be ((-8)/12)/(1/(-81)). Let c = i + -27. Calculate the remainder when c is divided by 6.
3
Suppose -2*y - 3*m = -5, -y = -0*m + 4*m. Calculate the remainder when (y - 5)*(2 - 25) is divided by 8.
7
Let n be (1 + 7/(-3))*114/(-76). Suppose 0 = -6*b + 4*b + n*y + 88, 0 = b - 5*y - 44. Calculate the remainder when b is divided by 24.
20
Calculate the remainder when (1/1 - -8) + 0/6 is divided by 6.
3
Let n = -36 - -61. Let h = 407 - 214. Let w = h + -94. What is the remainder when w is divided by n?
24
Suppose 57*v + 201 = 58*v. Suppose 3*l - v = -189. What is the remainder when 13 is divided by l?
1
Suppose -24 - 216 = -16*a. Calculate the remainder when 87 is divided by a.
12
Let s be (0 - -1)*(11 - (-6 - -4)). Suppose -3*f = -17 - s. What is the remainder when 47 is divided by f?
7
Suppose -4*m + 241 = -4*z + 9*z, -50 = -z + m. Calculate the remainder when z is divided by 22.
5
Let j(f) = -8*f + 8. Suppose -4*p + 126 = 2*t - 0*t, -4*t = -3*p - 252. Calculate the remainder when t is divided by j(-3).
31
Suppose 1100 = 9*t + t. What is the remainder when t is divided by 34?
8
Suppose 376 = 4*v - 4*d, 0*v = -v - 2*d + 97. Let g(w) = -w**2 + 10*w - 1. What is the remainder when v is divided by g(5)?
23
Let i = -336 + 555. What is the remainder when i is divided by 13?
11
Let o be (8/(-48) - (-2)/3)*6. What is the remainder when 84 is divided by ((-10)/45*o)/((-4)/174)?
26
Suppose 0 = -5*u - 25, -2*u + 4*u - 266 = -4*f. What is the remainder when f is divided by 25?
19
Calculate the remainder when 171 is divided by -3 + (122/(-5))/((-20)/50).
55
Let q be 1/2 + 3/(-6). Suppose q = v + 5*n - 22, -4*v = -n + 3*n - 70. Calculate the remainder when (174/(-18))/((-1)/3) is divided by v.
12
Let g = -17 - -13. Calculate the remainder when 14 is divided by g/18 + 342/81.
2
Let n